{"id":48,"date":"2013-03-26T18:51:14","date_gmt":"2013-03-26T17:51:14","guid":{"rendered":"http:\/\/blog.iesvalledelsaja.es\/?page_id=48"},"modified":"2025-06-15T12:03:18","modified_gmt":"2025-06-15T11:03:18","slug":"48-2","status":"publish","type":"page","link":"http:\/\/blog.iesvalledelsaja.es\/","title":{"rendered":"HACEMOS M\u00daSICA"},"content":{"rendered":"<p align=\"center\"><span style=\"color: #000080;\"><span style=\"font-family: Andalus,serif;\"><span style=\"font-size: 300%;\"><strong>Estudiamos M\u00fasica&#8230;<\/strong><\/span><\/span><\/span><\/p>\n<p align=\"center\"><span style=\"color: #000080;\"><span style=\"font-family: Andalus,serif;\"><span style=\"font-size: 300%;\"><strong>Escuchamos M\u00fasica&#8230;<\/strong><\/span><\/span><\/span><\/p>\n<p align=\"center\"><span style=\"color: #000080;\"><span style=\"font-family: Andalus,serif;\"><span style=\"font-size: 300%;\"><strong>Compartimos M\u00fasica&#8230;<\/strong><\/span><\/span><\/span><\/p>\n<p align=\"center\"><span style=\"color: #000080;\"><span style=\"font-family: Andalus,serif;\"><span style=\"font-size: 300%;\"><strong>Hacemos M\u00fasica&#8230;<a href=\"http:\/\/blog.iesvalledelsaja.es\/wp-content\/uploads\/2022\/11\/music-104600__340.jpg\"><img loading=\"lazy\" decoding=\"async\" class=\"aligncenter size-full wp-image-1325\" src=\"http:\/\/blog.iesvalledelsaja.es\/wp-content\/uploads\/2022\/11\/music-104600__340.jpg\" alt=\"\" width=\"483\" height=\"340\" srcset=\"http:\/\/blog.iesvalledelsaja.es\/wp-content\/uploads\/2022\/11\/music-104600__340.jpg 483w, http:\/\/blog.iesvalledelsaja.es\/wp-content\/uploads\/2022\/11\/music-104600__340-300x211.jpg 300w\" sizes=\"auto, (max-width: 483px) 100vw, 483px\" \/><\/a><\/strong><\/span><\/span><\/span><\/p>\n<p align=\"center\"><span style=\"color: #000080;\"><span style=\"font-family: Andalus,serif;\"><span style=\"font-size: 300%;\"><strong>Bienvenido a <\/strong><\/span><\/span><\/span><\/p>\n<p align=\"center\"><span style=\"color: #000080;\"><span style=\"font-family: Andalus,serif;\"><span style=\"font-size: 300%;\"><strong>nuestro <\/strong><\/span><\/span><\/span><\/p>\n<p align=\"center\"><span style=\"color: #000080;\"><span style=\"font-family: Andalus,serif;\"><span style=\"font-size: 300%;\"><strong>Blog&#8230;<\/strong><\/span><\/span><\/span><\/p>\n<p align=\"center\"><span style=\"color: #000080;\"><span style=\"font-family: Andalus,serif;\"><span style=\"font-size: 300%;\"><strong>de M\u00fasica<\/strong><\/span><\/span><\/span><\/p>\n<h1><span style=\"color: #33cccc;\">1\u00baESO Biling\u00fce.\u00a0 <em>Sweet Caroline (Neil Diamond) <\/em><\/span>Curso 2024-2025<\/h1>\n<p><iframe loading=\"lazy\" title=\"IES Valle del Saja &quot;Sweet Caroline&quot; 1\u00ba ESO Biling\u00fce Curso 24-25\" width=\"640\" height=\"360\" src=\"https:\/\/www.youtube.com\/embed\/H_AMcmapuE0?feature=oembed\" frameborder=\"0\" allow=\"accelerometer; autoplay; clipboard-write; encrypted-media; gyroscope; picture-in-picture; web-share\" referrerpolicy=\"strict-origin-when-cross-origin\" allowfullscreen><\/iframe><\/p>\n<p>&nbsp;<\/p>\n<p>&nbsp;<\/p>\n<h1><span style=\"color: #3366ff;\">4\u00baESO\u00a0<em>Mai falli e <\/em>(Timor Leste)<em>. <\/em><span style=\"color: #000000;\">Curso 2023-2024<\/span><\/span><\/h1>\n<p><iframe loading=\"lazy\" title=\"IES Valle del Saja. &quot;Mai falli e&quot; (Timor Leste) 4\u00baESO Curso 23-24\" width=\"640\" height=\"360\" src=\"https:\/\/www.youtube.com\/embed\/5fO6DoJv0-8?feature=oembed\" frameborder=\"0\" allow=\"accelerometer; autoplay; clipboard-write; encrypted-media; gyroscope; picture-in-picture; web-share\" referrerpolicy=\"strict-origin-when-cross-origin\" allowfullscreen><\/iframe><\/p>\n<h1><span style=\"color: #800000;\">4\u00baESO M\u00fasica con tubos sonoros. Curso 2016-2017<\/span><\/h1>\n<p><span style=\"color: #800000;\">Proyecto realizado junto con los Departamentos de F\u00edsica y Qu\u00edmica, y de Tecnolog\u00eda. Muchas gracias a Alberto Aguayo y Jos\u00e9 Manuel Garc\u00eda<\/span><\/p>\n<p><iframe loading=\"lazy\" title=\"IES Valle del Saja. Proyecto de tubos sonoros. 4\u00baESO. Curso 16-17\" width=\"640\" height=\"360\" src=\"https:\/\/www.youtube.com\/embed\/Qe-NcSGclsI?feature=oembed\" frameborder=\"0\" allow=\"accelerometer; autoplay; clipboard-write; encrypted-media; gyroscope; picture-in-picture; web-share\" referrerpolicy=\"strict-origin-when-cross-origin\" allowfullscreen><\/iframe><\/p>\n<h1><\/h1>\n<h1><span style=\"color: #800000;\">Taller 3\u00baESO &#8220;<em>Sweet Caroline&#8221;<\/em> (Neil Diamond) <span style=\"color: #000000;\">Curso 2016-2017)<\/span><\/span><\/h1>\n<p><span style=\"color: #800000;\">Muchas gracias al profesor Alberto Aguayo por la estupenda grabaci\u00f3n que nos ha regalado<\/span><\/p>\n<p><iframe loading=\"lazy\" title=\"Sweet caroline - Neil Diamond\" width=\"640\" height=\"360\" src=\"https:\/\/www.youtube.com\/embed\/jhqqoo-eWhA?feature=oembed\" frameborder=\"0\" allow=\"accelerometer; autoplay; clipboard-write; encrypted-media; gyroscope; picture-in-picture; web-share\" referrerpolicy=\"strict-origin-when-cross-origin\" allowfullscreen><\/iframe><\/p>\n<h1><span style=\"color: #333399;\">2\u00baESO <em>&#8220;Bolero&#8221;<\/em> (Ravel)<\/span> Curso 2015-2016<\/h1>\n<p><iframe loading=\"lazy\" title=\"IES Valle del Saja &quot;Bolero&quot; 2\u00baAB 15-16\" width=\"640\" height=\"360\" src=\"https:\/\/www.youtube.com\/embed\/2pcSPk58Ob0?feature=oembed\" frameborder=\"0\" allow=\"accelerometer; autoplay; clipboard-write; encrypted-media; gyroscope; picture-in-picture; web-share\" referrerpolicy=\"strict-origin-when-cross-origin\" allowfullscreen><\/iframe><\/p>\n<h1><span style=\"color: #333399;\">1\u00baESO <em>&#8220;New foxtrot&#8221;<\/em><\/span> Curso 2015-2016<\/h1>\n<p><iframe loading=\"lazy\" title=\"IES Valle del Saja 1\u00baESO &quot;New Foxtrot&quot; 15-16\" width=\"640\" height=\"360\" src=\"https:\/\/www.youtube.com\/embed\/0jHuSlPBQPU?feature=oembed\" frameborder=\"0\" allow=\"accelerometer; autoplay; clipboard-write; encrypted-media; gyroscope; picture-in-picture; web-share\" referrerpolicy=\"strict-origin-when-cross-origin\" allowfullscreen><\/iframe><\/p>\n<h1><span style=\"color: #333399;\">1\u00baESO Biling\u00fce <em>&#8220;Deserted beach&#8221;<\/em><\/span> Curso 2015-2016<\/h1>\n<p><iframe loading=\"lazy\" title=\"IES Valle del Saja 1\u00baBiling\u00fce &quot;Deserted beach&quot; 15-16\" width=\"640\" height=\"360\" src=\"https:\/\/www.youtube.com\/embed\/W-MlC2JDWb4?feature=oembed\" frameborder=\"0\" allow=\"accelerometer; autoplay; clipboard-write; encrypted-media; gyroscope; picture-in-picture; web-share\" referrerpolicy=\"strict-origin-when-cross-origin\" allowfullscreen><\/iframe><\/p>\n<h1><span style=\"color: #333399;\">2\u00baESO <em>&#8220;It&#8217;s a kick&#8221;<\/em> <span style=\"color: #000000;\">Curso 2015-2016<\/span><\/span><\/h1>\n<p><iframe loading=\"lazy\" title=\"IES Valle del Saja 2\u00baAB ESO &quot;It&#039;s a kick&quot; 15-16\" width=\"640\" height=\"360\" src=\"https:\/\/www.youtube.com\/embed\/mmqAlDtGDAg?feature=oembed\" frameborder=\"0\" allow=\"accelerometer; autoplay; clipboard-write; encrypted-media; gyroscope; picture-in-picture; web-share\" referrerpolicy=\"strict-origin-when-cross-origin\" allowfullscreen><\/iframe><\/p>\n<h1><span style=\"color: #003300;\">1\u00baBiling\u00fce <em>&#8220;Do, Re, Mi&#8221; (Sonrisas y l\u00e1grimas)<\/em><\/span> Curso 2014-2015<\/h1>\n<p><iframe loading=\"lazy\" title=\"IES Valle del Saja 1\u00baBiling\u00fce &quot;Do, Re, Mi&quot; 14-15\" width=\"640\" height=\"360\" src=\"https:\/\/www.youtube.com\/embed\/eXqmfYF2vnk?feature=oembed\" frameborder=\"0\" allow=\"accelerometer; autoplay; clipboard-write; encrypted-media; gyroscope; picture-in-picture; web-share\" referrerpolicy=\"strict-origin-when-cross-origin\" allowfullscreen><\/iframe><\/p>\n<h1>\u00a0<span style=\"color: #003300;\">1\u00baAB <em>&#8220;Somebody is knocking at the door&#8221;<\/em> <span style=\"color: #000000;\">Curso 2014-2015<\/span><\/span><\/h1>\n<p><iframe loading=\"lazy\" title=\"IES Valle del Saja 1\u00baAB &quot;Somebody is knocking at the door&quot; 14-15\" width=\"640\" height=\"360\" src=\"https:\/\/www.youtube.com\/embed\/WjobnmfJ_x4?feature=oembed\" frameborder=\"0\" allow=\"accelerometer; autoplay; clipboard-write; encrypted-media; gyroscope; picture-in-picture; web-share\" referrerpolicy=\"strict-origin-when-cross-origin\" allowfullscreen><\/iframe><\/p>\n<h1 style=\"text-align: left;\"><span style=\"color: #003300;\">1\u00baB <em>&#8220;Un poquito cantas&#8221;<\/em> Tradicional canaria<\/span> <span style=\"color: #000000;\">Curso 2014-2015\u00a0\u00a0\u00a0\u00a0 El Coro de las Emociones<\/span><\/h1>\n<p><iframe loading=\"lazy\" title=\"1* B. &quot;Un poquito cantas&quot;\" width=\"640\" height=\"360\" src=\"https:\/\/www.youtube.com\/embed\/8X7MGb2nuPM?feature=oembed\" frameborder=\"0\" allow=\"accelerometer; autoplay; clipboard-write; encrypted-media; gyroscope; picture-in-picture; web-share\" referrerpolicy=\"strict-origin-when-cross-origin\" allowfullscreen><\/iframe><\/p>\n<h1 style=\"text-align: left;\"><span style=\"color: #003300;\">1\u00baC <em>&#8220;Un poquito cantas&#8221;<\/em> Tradicional canaria<\/span> <span style=\"color: #000000;\">Curso 2014-2015\u00a0\u00a0\u00a0 El Coro de las Emociones<\/span><\/h1>\n<p><iframe loading=\"lazy\" title=\"1*C. &quot;Un poquito cantas&quot;\" width=\"640\" height=\"360\" src=\"https:\/\/www.youtube.com\/embed\/0NYIfH2bNio?feature=oembed\" frameborder=\"0\" allow=\"accelerometer; autoplay; clipboard-write; encrypted-media; gyroscope; picture-in-picture; web-share\" referrerpolicy=\"strict-origin-when-cross-origin\" allowfullscreen><\/iframe><\/p>\n<h1><span style=\"color: #003300;\">1\u00baC <em>&#8220;Je vous dirai maman&#8221; <\/em>Mozart \u00a0 <span style=\"color: #000000;\">Curso 2014-2015<\/span><\/span><\/h1>\n<p><iframe loading=\"lazy\" title=\"1*C. &quot;Je vous dirai maman&quot;\" width=\"640\" height=\"360\" src=\"https:\/\/www.youtube.com\/embed\/BF9Bpq5wpJA?feature=oembed\" frameborder=\"0\" allow=\"accelerometer; autoplay; clipboard-write; encrypted-media; gyroscope; picture-in-picture; web-share\" referrerpolicy=\"strict-origin-when-cross-origin\" allowfullscreen><\/iframe><\/p>\n<h1><span style=\"color: #003300;\">2\u00baBiling\u00fce <em>&#8220;Les avions en papier&#8221;<\/em> <em>(Los Chicos del Coro)<\/em> <span style=\"color: #000000;\">Curso 2014-2015<\/span><\/span><\/h1>\n<p><iframe loading=\"lazy\" title=\"2*AB BIL. Los chicos del coro &quot; Les avions en papier&quot;\" width=\"640\" height=\"360\" src=\"https:\/\/www.youtube.com\/embed\/b5MsSudStfo?feature=oembed\" frameborder=\"0\" allow=\"accelerometer; autoplay; clipboard-write; encrypted-media; gyroscope; picture-in-picture; web-share\" referrerpolicy=\"strict-origin-when-cross-origin\" allowfullscreen><\/iframe><\/p>\n<h1><span style=\"color: #003300;\">2\u00baAB <em>&#8220;Sinfon\u00eda sorpresa&#8221;<\/em> Haydn\u00a0\u00a0 <span style=\"color: #000000;\">Curso 2014-2015<\/span><\/span><\/h1>\n<p><iframe loading=\"lazy\" title=\"2*AB. Sinfon\u00eda &quot;Sorpresa&quot; Haydn\" width=\"640\" height=\"360\" src=\"https:\/\/www.youtube.com\/embed\/ry-RT0xORTk?feature=oembed\" frameborder=\"0\" allow=\"accelerometer; autoplay; clipboard-write; encrypted-media; gyroscope; picture-in-picture; web-share\" referrerpolicy=\"strict-origin-when-cross-origin\" allowfullscreen><\/iframe><\/p>\n<h1><span style=\"color: #003300;\">2\u00baB <em>&#8220;Summer nights&#8221; (Grease)<\/em><\/span> <span style=\"color: #000000;\">Curso 2014-2015<\/span><\/h1>\n<p><iframe loading=\"lazy\" title=\"IES Valle del Saja 2\u00baB &quot;Summer nights&quot; 14-15\" width=\"640\" height=\"360\" src=\"https:\/\/www.youtube.com\/embed\/TDygZgdysu8?feature=oembed\" frameborder=\"0\" allow=\"accelerometer; autoplay; clipboard-write; encrypted-media; gyroscope; picture-in-picture; web-share\" referrerpolicy=\"strict-origin-when-cross-origin\" allowfullscreen><\/iframe><\/p>\n<h1>\u00a0<span style=\"color: #003300;\">2\u00baC <em>&#8220;The lion sleeps tonight&#8221; (El Rey Le\u00f3n)<\/em> <\/span>Curso 2014-2015<\/h1>\n<p><iframe loading=\"lazy\" title=\"IES Valle del Saja 2\u00baC &quot;The lion sleeps tonight&quot; 14-15\" width=\"640\" height=\"360\" src=\"https:\/\/www.youtube.com\/embed\/dwIubZVfYRk?feature=oembed\" frameborder=\"0\" allow=\"accelerometer; autoplay; clipboard-write; encrypted-media; gyroscope; picture-in-picture; web-share\" referrerpolicy=\"strict-origin-when-cross-origin\" allowfullscreen><\/iframe><\/p>\n<h1><span style=\"color: #003300;\">Taller 3\u00baESO <\/span><em><span style=\"color: #003300;\">&#8220;En busca del arca perdida&#8221;<\/span> <\/em><span style=\"color: #000000;\">Curso 2014-2015<\/span><\/h1>\n<p><iframe loading=\"lazy\" title=\"Taller 3* ESO. &quot;En busca del arca perdida&quot;\" width=\"640\" height=\"360\" src=\"https:\/\/www.youtube.com\/embed\/ieHVnZiTu2o?feature=oembed\" frameborder=\"0\" allow=\"accelerometer; autoplay; clipboard-write; encrypted-media; gyroscope; picture-in-picture; web-share\" referrerpolicy=\"strict-origin-when-cross-origin\" allowfullscreen><\/iframe><\/p>\n<h1><span style=\"color: #003300;\">Taller 3\u00baESO <em>&#8220;Yellow submarine&#8221;<\/em> The Beatles <span style=\"color: #000000;\">Curso 2014-2015<\/span><\/span><\/h1>\n<p><iframe loading=\"lazy\" title=\"Yellow submarine\" width=\"640\" height=\"360\" src=\"https:\/\/www.youtube.com\/embed\/4ku2ckWbNzc?feature=oembed\" frameborder=\"0\" allow=\"accelerometer; autoplay; clipboard-write; encrypted-media; gyroscope; picture-in-picture; web-share\" referrerpolicy=\"strict-origin-when-cross-origin\" allowfullscreen><\/iframe><\/p>\n<h1><span style=\"color: #003300;\">Taller 3\u00baESO <em><span style=\"color: #003300;\">&#8220;Arrival&#8221;<\/span>\u00a0<\/em> <span style=\"color: #000000;\">Curso 2014-2015<\/span><\/span><\/h1>\n<p><iframe loading=\"lazy\" title=\"Taller 3*ESO. &quot;Arrival&quot;\" width=\"640\" height=\"360\" src=\"https:\/\/www.youtube.com\/embed\/qm_fIyhyeYw?feature=oembed\" frameborder=\"0\" allow=\"accelerometer; autoplay; clipboard-write; encrypted-media; gyroscope; picture-in-picture; web-share\" referrerpolicy=\"strict-origin-when-cross-origin\" allowfullscreen><\/iframe><\/p>\n<h1><span style=\"color: #003300;\">Taller 3\u00baESO <\/span><em><span style=\"color: #003300;\">&#8220;Canci\u00f3n tradicional americana&#8221;<\/span> <\/em><span style=\"color: #000000;\">Curso 2014-2015<\/span><\/h1>\n<p><iframe loading=\"lazy\" title=\"Canci\u00f3n tradicional norteamericana\" width=\"640\" height=\"360\" src=\"https:\/\/www.youtube.com\/embed\/oXQHB95ea9M?feature=oembed\" frameborder=\"0\" allow=\"accelerometer; autoplay; clipboard-write; encrypted-media; gyroscope; picture-in-picture; web-share\" referrerpolicy=\"strict-origin-when-cross-origin\" allowfullscreen><\/iframe><\/p>\n<h1><\/h1>\n<h1><span style=\"color: #339966;\"><span style=\"color: #ff6600;\">1\u00baBiling\u00fce <em>&#8220;En un mercado persa&#8221;<\/em> Ketelbey<span style=\"color: #000000;\"> Curso 2013-2014<\/span><\/span><br \/>\n<\/span><\/h1>\n<p style=\"text-align: center;\"><a href=\"http:\/\/iframewidth=560height=315src=\/\/www.youtube.com\/embed\/yLsw9BNIWUkframeborder=0allowfullscreen\/iframe\"><iframe loading=\"lazy\" src=\"\/\/www.youtube.com\/embed\/yLsw9BNIWUk\" width=\"560\" height=\"315\" frameborder=\"0\" allowfullscreen=\"allowfullscreen\"><\/iframe><\/a><\/p>\n<h1><span style=\"color: #ff6600;\">1\u00baAB <em>&#8220;California dreaming&#8221;<\/em> The Mamas and The Papas<\/span> Curso 2013-2014<\/h1>\n<p style=\"text-align: center;\"><a href=\"http:\/\/iframewidth=560height=315src=\/\/www.youtube.com\/embed\/V8Cbmzx-_eUframeborder=0allowfullscreen\/iframe\"><iframe loading=\"lazy\" src=\"\/\/www.youtube.com\/embed\/V8Cbmzx-_eU\" width=\"560\" height=\"315\" frameborder=\"0\" allowfullscreen=\"allowfullscreen\"><\/iframe><\/a><\/p>\n<h1><span style=\"color: #ff6600;\">2\u00baAB <em>&#8220;YMCA&#8221;<\/em> Village People<\/span> Curso 2013-2014<\/h1>\n<p style=\"text-align: center;\"><a href=\"http:\/\/iframewidth=560height=315src=\/\/www.youtube.com\/embed\/AO4YUQSDQb8frameborder=0allowfullscreen\/iframe\"><iframe loading=\"lazy\" src=\"\/\/www.youtube.com\/embed\/AO4YUQSDQb8\" width=\"560\" height=\"315\" frameborder=\"0\" allowfullscreen=\"allowfullscreen\"><\/iframe><\/a><\/p>\n<h1><span style=\"color: #ff6600;\">2\u00baABC <em>&#8220;Every breath you take&#8221;<\/em> The Police<\/span> Curso 2013-2014<\/h1>\n<p style=\"text-align: center;\"><a href=\"http:\/\/iframewidth=560height=315src=\/\/www.youtube.com\/embed\/nPIcxxRe9dsframeborder=0allowfullscreen\/iframe\"><iframe loading=\"lazy\" src=\"\/\/www.youtube.com\/embed\/nPIcxxRe9ds\" width=\"560\" height=\"315\" frameborder=\"0\" allowfullscreen=\"allowfullscreen\"><\/iframe><\/a><\/p>\n<h1><span style=\"color: #339966;\">\u00a01\u00baB <em>&#8220;Carmina Burana&#8221;<\/em> Carl Orff <span style=\"color: #000000;\">Curso 2012-2013<\/span><br \/>\n<\/span><\/h1>\n<p align=\"center\">\u00a0<iframe loading=\"lazy\" src=\"http:\/\/www.youtube.com\/embed\/K5Q8QEhAh-Y\" width=\"420\" height=\"315\" frameborder=\"0\"><\/iframe><\/p>\n<h1><span style=\"color: #339966;\">1\u00baBil. Ingl\u00e9s <em>&#8220;Yellow submarine&#8221;<\/em> The Beatles <span style=\"color: #000000;\">Curso 2012-2013<\/span><br \/>\n<\/span><\/h1>\n<p align=\"center\"><iframe loading=\"lazy\" src=\"http:\/\/www.youtube.com\/embed\/mrqg8wKrZyQ\" width=\"420\" height=\"315\" frameborder=\"0\"><\/iframe><\/p>\n","protected":false},"excerpt":{"rendered":"<p>Estudiamos M\u00fasica&#8230; Escuchamos M\u00fasica&#8230; Compartimos M\u00fasica&#8230; Hacemos M\u00fasica&#8230; Bienvenido a nuestro Blog&#8230; de M\u00fasica 1\u00baESO Biling\u00fce.\u00a0 Sweet Caroline (Neil Diamond) Curso 2024-2025 &nbsp; &nbsp; 4\u00baESO\u00a0Mai falli e (Timor Leste). Curso 2023-2024 4\u00baESO M\u00fasica con tubos sonoros. Curso 2016-2017 Proyecto realizado &hellip; <a href=\"http:\/\/blog.iesvalledelsaja.es\/\">Continue reading <span class=\"meta-nav\">&rarr;<\/span><\/a><\/p>\n","protected":false},"author":3,"featured_media":0,"parent":0,"menu_order":0,"comment_status":"open","ping_status":"open","template":"","meta":{"footnotes":""},"class_list":["post-48","page","type-page","status-publish","hentry"],"_links":{"self":[{"href":"http:\/\/blog.iesvalledelsaja.es\/index.php?rest_route=\/wp\/v2\/pages\/48","targetHints":{"allow":["GET"]}}],"collection":[{"href":"http:\/\/blog.iesvalledelsaja.es\/index.php?rest_route=\/wp\/v2\/pages"}],"about":[{"href":"http:\/\/blog.iesvalledelsaja.es\/index.php?rest_route=\/wp\/v2\/types\/page"}],"author":[{"embeddable":true,"href":"http:\/\/blog.iesvalledelsaja.es\/index.php?rest_route=\/wp\/v2\/users\/3"}],"replies":[{"embeddable":true,"href":"http:\/\/blog.iesvalledelsaja.es\/index.php?rest_route=%2Fwp%2Fv2%2Fcomments&post=48"}],"version-history":[{"count":48,"href":"http:\/\/blog.iesvalledelsaja.es\/index.php?rest_route=\/wp\/v2\/pages\/48\/revisions"}],"predecessor-version":[{"id":1343,"href":"http:\/\/blog.iesvalledelsaja.es\/index.php?rest_route=\/wp\/v2\/pages\/48\/revisions\/1343"}],"wp:attachment":[{"href":"http:\/\/blog.iesvalledelsaja.es\/index.php?rest_route=%2Fwp%2Fv2%2Fmedia&parent=48"}],"curies":[{"name":"wp","href":"https:\/\/api.w.org\/{rel}","templated":true}]}}