{"id":1245,"date":"2020-12-09T12:06:35","date_gmt":"2020-12-09T11:06:35","guid":{"rendered":"http:\/\/blog.iesvalledelsaja.es\/?page_id=1245"},"modified":"2020-12-09T12:06:35","modified_gmt":"2020-12-09T11:06:35","slug":"proyecto-animales-de-cantabria","status":"publish","type":"page","link":"http:\/\/blog.iesvalledelsaja.es\/?page_id=1245","title":{"rendered":"Proyecto ANIMALES DE CANTABRIA"},"content":{"rendered":"\n<p class=\"has-text-align-left has-text-color\" style=\"color:#066441\">A lo largo del pasado curso, los alumnos de 1\u00ba de ESO participaron en un programa de ABP (Aprendizaje Basado en Proyectos) realizado en las asignaturas de Lengua, Pl\u00e1stica, Ingl\u00e9s y M\u00fasica.<\/p>\n\n\n\n<p class=\"has-text-align-left has-text-color\" style=\"color:#066441\">Durante el 2\u00ba trimestre, en el Proyecto trabajamos sobre los animales de Cantabria. Una de las actividades consisti\u00f3 en escribir un texto po\u00e9tico sobre un animal asignado e interpretarlo en forma de RAP sobre una base r\u00edtmica. Las bases utilizadas, de descarga libre, son de los artistas Dj Nasti, Serio Beats, Hombre Tormenta, Aire Media y Oro Negro Beats. Muchas gracias a todos por su generosidad.<\/p>\n\n\n\n<p class=\"has-text-align-left has-text-color\" style=\"color:#066441\">El trabajo se hizo en grupos colaborativos, y acabamos de grabar justo la \u00faltima semana anterior al confinamiento. <\/p>\n\n\n\n<p class=\"has-text-align-left has-text-color\" style=\"color:#066441\">Chicos, aqu\u00ed ten\u00e9is vuestra m\u00fasica. \u00a1Enhorabuena!<\/p>\n\n\n\n<p><strong>CABALLITO DEL DIABLO<\/strong> (Miguel Guti\u00e9rrez Ruiz, Nerea Mart\u00edn Gonz\u00e1lez, \u00c1ngela Santos Garc\u00eda de los Salmones, Daniel Velasco Merino)<\/p>\n\n\n\n<figure class=\"wp-block-embed-soundcloud wp-block-embed is-type-rich is-provider-soundcloud wp-embed-aspect-4-3 wp-has-aspect-ratio\"><div class=\"wp-block-embed__wrapper\">\n<iframe loading=\"lazy\" title=\"CABALLITO DEL DIABLO - SERIO Beats - Street Rules by Musicasaja\" width=\"640\" height=\"400\" scrolling=\"no\" frameborder=\"no\" src=\"https:\/\/w.soundcloud.com\/player\/?visual=true&#038;url=https%3A%2F%2Fapi.soundcloud.com%2Ftracks%2F943082440&#038;show_artwork=true&#038;maxheight=960&#038;maxwidth=640\"><\/iframe>\n<\/div><\/figure>\n\n\n\n<p><strong>VENAO<\/strong> (Luc\u00eda Barbero Alonso, Diego Cortijo Portugal, Pablo Cos\u00edo Osl\u00e9, Adriana S\u00e1iz Garc\u00eda)<\/p>\n\n\n\n<figure class=\"wp-block-embed-soundcloud wp-block-embed is-type-rich is-provider-soundcloud wp-embed-aspect-4-3 wp-has-aspect-ratio\"><div class=\"wp-block-embed__wrapper\">\n<iframe loading=\"lazy\" title=\"VENAO - Dj Nasty - Loop One by Musicasaja\" width=\"640\" height=\"400\" scrolling=\"no\" frameborder=\"no\" src=\"https:\/\/w.soundcloud.com\/player\/?visual=true&#038;url=https%3A%2F%2Fapi.soundcloud.com%2Ftracks%2F942478498&#038;show_artwork=true&#038;maxheight=960&#038;maxwidth=640\"><\/iframe>\n<\/div><\/figure>\n\n\n\n<p><strong>SERPIENTE DE SEOANE<\/strong> (Ra\u00fal Campuzano Santos, Hugo G\u00f3mez Garc\u00eda, Mart\u00edn Varona P\u00e9rez, Daniela Vivanco Su\u00e1rez)<\/p>\n\n\n\n<figure class=\"wp-block-embed-soundcloud wp-block-embed is-type-rich is-provider-soundcloud wp-embed-aspect-4-3 wp-has-aspect-ratio\"><div class=\"wp-block-embed__wrapper\">\n<iframe loading=\"lazy\" title=\"SERPIENTE DE SEOANE - Hombre Tormenta - Oh My God! by Musicasaja\" width=\"640\" height=\"400\" scrolling=\"no\" frameborder=\"no\" src=\"https:\/\/w.soundcloud.com\/player\/?visual=true&#038;url=https%3A%2F%2Fapi.soundcloud.com%2Ftracks%2F942993460&#038;show_artwork=true&#038;maxheight=960&#038;maxwidth=640\"><\/iframe>\n<\/div><\/figure>\n\n\n\n<p><strong>LIR\u00d3N GRIS<\/strong> (Marco Garc\u00eda Osl\u00e9, Ana Gonz\u00e1lez Fern\u00e1ndez, Hugo Gonz\u00e1lez Varona, Ibai de la Serna Calvo)<\/p>\n\n\n\n<figure class=\"wp-block-embed-soundcloud wp-block-embed is-type-rich is-provider-soundcloud wp-embed-aspect-4-3 wp-has-aspect-ratio\"><div class=\"wp-block-embed__wrapper\">\n<iframe loading=\"lazy\" title=\"LIR\u00d3N GRIS - Dj Nasty - Loop Two by Musicasaja\" width=\"640\" height=\"400\" scrolling=\"no\" frameborder=\"no\" src=\"https:\/\/w.soundcloud.com\/player\/?visual=true&#038;url=https%3A%2F%2Fapi.soundcloud.com%2Ftracks%2F942902434&#038;show_artwork=true&#038;maxheight=960&#038;maxwidth=640\"><\/iframe>\n<\/div><\/figure>\n\n\n\n<p><strong> MURCI\u00c9LAGO<\/strong> (Nicol\u00e1s L\u00f3pez Revuelta, Sara Mahootchi Darbooy, Guillermo Reinoso Faustmann, Hugo Santamar\u00eda Granda)<\/p>\n\n\n\n<figure class=\"wp-block-embed-soundcloud wp-block-embed is-type-rich is-provider-soundcloud wp-embed-aspect-4-3 wp-has-aspect-ratio\"><div class=\"wp-block-embed__wrapper\">\n<iframe loading=\"lazy\" title=\"MURCI\u00c9LAGO - Oro Negro Beats - Billy West by Musicasaja\" width=\"640\" height=\"400\" scrolling=\"no\" frameborder=\"no\" src=\"https:\/\/w.soundcloud.com\/player\/?visual=true&#038;url=https%3A%2F%2Fapi.soundcloud.com%2Ftracks%2F942940135&#038;show_artwork=true&#038;maxheight=960&#038;maxwidth=640\"><\/iframe>\n<\/div><\/figure>\n\n\n\n<p><strong>CANGREJO<\/strong> (Jos\u00e9 Ferro Mantilla, Nerea Garc\u00eda D\u00edez, Pablo Mantilla Balde\u00f3n, Sheila del Valle Ruiz)<\/p>\n\n\n\n<figure class=\"wp-block-embed-soundcloud wp-block-embed is-type-rich is-provider-soundcloud wp-embed-aspect-4-3 wp-has-aspect-ratio\"><div class=\"wp-block-embed__wrapper\">\n<iframe loading=\"lazy\" title=\"CANGREJO - Dj Nasty - Olvidando by Musicasaja\" width=\"640\" height=\"400\" scrolling=\"no\" frameborder=\"no\" src=\"https:\/\/w.soundcloud.com\/player\/?visual=true&#038;url=https%3A%2F%2Fapi.soundcloud.com%2Ftracks%2F942921754&#038;show_artwork=true&#038;maxheight=960&#038;maxwidth=640\"><\/iframe>\n<\/div><\/figure>\n\n\n\n<p><strong>MART\u00cdN PESCADOR<\/strong> (\u00c1frica Garc\u00eda Mor\u00e1n, Alex G\u00f3mez Cauv\u00edn, Daniel Ruiz Garc\u00eda, Luc\u00eda Ruiz Ortiz)<\/p>\n\n\n\n<figure class=\"wp-block-embed-soundcloud wp-block-embed is-type-rich is-provider-soundcloud wp-embed-aspect-4-3 wp-has-aspect-ratio\"><div class=\"wp-block-embed__wrapper\">\n<iframe loading=\"lazy\" title=\"MART\u00cdN PESCADOR - Aire Media - Look Mom I Can Fly by Musicasaja\" width=\"640\" height=\"400\" scrolling=\"no\" frameborder=\"no\" src=\"https:\/\/w.soundcloud.com\/player\/?visual=true&#038;url=https%3A%2F%2Fapi.soundcloud.com%2Ftracks%2F942963505&#038;show_artwork=true&#038;maxheight=960&#038;maxwidth=640\"><\/iframe>\n<\/div><\/figure>\n\n\n\n<p><strong>TASUGO<\/strong> (Beltr\u00e1n Aguinaco G\u00f3mez, Lucas Casar Zubiaurre, Jorge Colio Arce, Mar\u00eda Gonz\u00e1lez Casuso)<\/p>\n\n\n\n<figure class=\"wp-block-embed-soundcloud wp-block-embed is-type-rich is-provider-soundcloud wp-embed-aspect-4-3 wp-has-aspect-ratio\"><div class=\"wp-block-embed__wrapper\">\n<iframe loading=\"lazy\" title=\"TASUGO - Dj Nasty - Coincidencias by Musicasaja\" width=\"640\" height=\"400\" scrolling=\"no\" frameborder=\"no\" src=\"https:\/\/w.soundcloud.com\/player\/?visual=true&#038;url=https%3A%2F%2Fapi.soundcloud.com%2Ftracks%2F942899410&#038;show_artwork=true&#038;maxheight=960&#038;maxwidth=640\"><\/iframe>\n<\/div><\/figure>\n\n\n\n<p><strong>CORMOR\u00c1N MO\u00d1UDO<\/strong> (Laura Conde Obreg\u00f3n, Dar\u00edo Mart\u00ednez Calzado, Blanca Mier Cobo, Ana Ram\u00edrez Grande)<\/p>\n\n\n\n<figure class=\"wp-block-embed-soundcloud wp-block-embed is-type-rich is-provider-soundcloud wp-embed-aspect-4-3 wp-has-aspect-ratio\"><div class=\"wp-block-embed__wrapper\">\n<iframe loading=\"lazy\" title=\"CORMOR\u00c1N MO\u00d1UDO - Hombre Tormenta - Campurriana by Musicasaja\" width=\"640\" height=\"400\" scrolling=\"no\" frameborder=\"no\" src=\"https:\/\/w.soundcloud.com\/player\/?visual=true&#038;url=https%3A%2F%2Fapi.soundcloud.com%2Ftracks%2F943023319&#038;show_artwork=true&#038;maxheight=960&#038;maxwidth=640\"><\/iframe>\n<\/div><\/figure>\n\n\n\n<p><strong>PETIRROJO<\/strong> (Idoia Garc\u00eda Pablo, Mara R\u00e1bago Puente, Miguel Rodr\u00edguez Recio, Luc\u00eda Soto D\u00edaz)<\/p>\n\n\n\n<figure class=\"wp-block-embed-soundcloud wp-block-embed is-type-rich is-provider-soundcloud wp-embed-aspect-4-3 wp-has-aspect-ratio\"><div class=\"wp-block-embed__wrapper\">\n<iframe loading=\"lazy\" title=\"PETIRROJO - Dj Nasty - Confianza by Musicasaja\" width=\"640\" height=\"400\" scrolling=\"no\" frameborder=\"no\" src=\"https:\/\/w.soundcloud.com\/player\/?visual=true&#038;url=https%3A%2F%2Fapi.soundcloud.com%2Ftracks%2F942883867&#038;show_artwork=true&#038;maxheight=960&#038;maxwidth=640\"><\/iframe>\n<\/div><\/figure>\n\n\n\n<p><strong>TRIT\u00d3N JASPEADO<\/strong> (Juan Le\u00f3n Cart\u00f3n Calero, Sof\u00eda Mier Calder\u00f3n, Zaira Molleda Mu\u00f1iz, Daniel Rodr\u00edguez Nielfa)<\/p>\n\n\n\n<figure class=\"wp-block-embed-soundcloud wp-block-embed is-type-rich is-provider-soundcloud wp-embed-aspect-4-3 wp-has-aspect-ratio\"><div class=\"wp-block-embed__wrapper\">\n<iframe loading=\"lazy\" title=\"TRIT\u00d3N JASPEADO - SERIO Beats - Lead Heaven by Musicasaja\" width=\"640\" height=\"400\" scrolling=\"no\" frameborder=\"no\" src=\"https:\/\/w.soundcloud.com\/player\/?visual=true&#038;url=https%3A%2F%2Fapi.soundcloud.com%2Ftracks%2F943049512&#038;show_artwork=true&#038;maxheight=960&#038;maxwidth=640\"><\/iframe>\n<\/div><\/figure>\n\n\n\n<p><strong>RANA DE SAN ANTONIO<\/strong> (Elena Fern\u00e1ndez Callejo, V\u00edctor G\u00f3mez S\u00e1iz, Adriana Ortiz Gonz\u00e1lez, Daniela V\u00e9lez Garc\u00eda)<\/p>\n\n\n\n<figure class=\"wp-block-embed-soundcloud wp-block-embed is-type-rich is-provider-soundcloud wp-embed-aspect-4-3 wp-has-aspect-ratio\"><div class=\"wp-block-embed__wrapper\">\n<iframe loading=\"lazy\" title=\"RANA DE SAN ANTONIO - Dj Nasty - Andalucia by Musicasaja\" width=\"640\" height=\"400\" scrolling=\"no\" frameborder=\"no\" src=\"https:\/\/w.soundcloud.com\/player\/?visual=true&#038;url=https%3A%2F%2Fapi.soundcloud.com%2Ftracks%2F942511057&#038;show_artwork=true&#038;maxheight=960&#038;maxwidth=640\"><\/iframe>\n<\/div><\/figure>\n\n\n\n<p><strong>OSO PARDO<\/strong> (Luc\u00eda Bard\u00f3n Fern\u00e1ndez, Javier Rodr\u00edguez S\u00e1iz, Adriana Rodil Albizu, Kailash Serrano Herrero)<\/p>\n\n\n\n<figure class=\"wp-block-embed-soundcloud wp-block-embed is-type-rich is-provider-soundcloud wp-embed-aspect-4-3 wp-has-aspect-ratio\"><div class=\"wp-block-embed__wrapper\">\n<iframe loading=\"lazy\" title=\"OSO PARDO - Hombre Tormenta - Usuh by Musicasaja\" width=\"640\" height=\"400\" scrolling=\"no\" frameborder=\"no\" src=\"https:\/\/w.soundcloud.com\/player\/?visual=true&#038;url=https%3A%2F%2Fapi.soundcloud.com%2Ftracks%2F943027483&#038;show_artwork=true&#038;maxheight=960&#038;maxwidth=640\"><\/iframe>\n<\/div><\/figure>\n\n\n\n<p><strong>ERIZO<\/strong> (Alicia Garc\u00eda Espi\u00f1a, Mart\u00edn Guti\u00e9rrez Garc\u00eda, Piotr Tadeusz Skora, Naroba Zamora Herrera)<\/p>\n\n\n\n<figure class=\"wp-block-embed-soundcloud wp-block-embed is-type-rich is-provider-soundcloud wp-embed-aspect-4-3 wp-has-aspect-ratio\"><div class=\"wp-block-embed__wrapper\">\n<iframe loading=\"lazy\" title=\"ERIZO - Dj Nasty - Abrazame by Musicasaja\" width=\"640\" height=\"400\" scrolling=\"no\" frameborder=\"no\" src=\"https:\/\/w.soundcloud.com\/player\/?visual=true&#038;url=https%3A%2F%2Fapi.soundcloud.com%2Ftracks%2F942890794&#038;show_artwork=true&#038;maxheight=960&#038;maxwidth=640\"><\/iframe>\n<\/div><\/figure>\n\n\n\n<p><strong>NUTRIA<\/strong> (M\u00f3nica Cuenca P\u00e9rez, Leire Ortega Guti\u00e9rrez, Lucas Palencia Vera, Lola Renedo Cuesta)<\/p>\n\n\n\n<figure class=\"wp-block-embed-soundcloud wp-block-embed is-type-rich is-provider-soundcloud wp-embed-aspect-4-3 wp-has-aspect-ratio\"><div class=\"wp-block-embed__wrapper\">\n<iframe loading=\"lazy\" title=\"NUTRIA - SERIO Beats - Amigo by Musicasaja\" width=\"640\" height=\"400\" scrolling=\"no\" frameborder=\"no\" src=\"https:\/\/w.soundcloud.com\/player\/?visual=true&#038;url=https%3A%2F%2Fapi.soundcloud.com%2Ftracks%2F942943783&#038;show_artwork=true&#038;maxheight=960&#038;maxwidth=640\"><\/iframe>\n<\/div><\/figure>\n\n\n\n<p><strong>ABEJA<\/strong> (Hugo Fern\u00e1ndez Herrera, Borja Garc\u00eda Mere, Adriana Garc\u00eda Ter\u00e1n, Adri\u00e1n G\u00f3mez Maestegui)<\/p>\n\n\n\n<figure class=\"wp-block-embed-soundcloud wp-block-embed is-type-rich is-provider-soundcloud wp-embed-aspect-4-3 wp-has-aspect-ratio\"><div class=\"wp-block-embed__wrapper\">\n<iframe loading=\"lazy\" title=\"ABEJA - Dj Nasty - Sin Censura by Musicasaja\" width=\"640\" height=\"400\" scrolling=\"no\" frameborder=\"no\" src=\"https:\/\/w.soundcloud.com\/player\/?visual=true&#038;url=https%3A%2F%2Fapi.soundcloud.com%2Ftracks%2F935701636&#038;show_artwork=true&#038;maxheight=960&#038;maxwidth=640\"><\/iframe>\n<\/div><\/figure>\n\n\n\n<p><strong>LOBO<\/strong> (Marcos Garc\u00eda Soto, Itziar G\u00f3mez Uberti, Manuel L\u00f3pez de la Cueva, Pablo Maz\u00f3n Echevarr\u00eda)<\/p>\n\n\n\n<figure class=\"wp-block-embed-soundcloud wp-block-embed is-type-rich is-provider-soundcloud wp-embed-aspect-4-3 wp-has-aspect-ratio\"><div class=\"wp-block-embed__wrapper\">\n<iframe loading=\"lazy\" title=\"LOBO - Hombre Tormenta - Aires De Mosteruelo by Musicasaja\" width=\"640\" height=\"400\" scrolling=\"no\" frameborder=\"no\" src=\"https:\/\/w.soundcloud.com\/player\/?visual=true&#038;url=https%3A%2F%2Fapi.soundcloud.com%2Ftracks%2F942927502&#038;show_artwork=true&#038;maxheight=960&#038;maxwidth=640\"><\/iframe>\n<\/div><\/figure>\n\n\n\n<p><strong>UROGALLO<\/strong> (Kevin Cadavieco Gonz\u00e1lez, Lucas Castro Fern\u00e1ndez, Marina D\u00edza de Castro Izquierdo, Mar\u00eda Marcos Rebanal)<\/p>\n\n\n\n<figure class=\"wp-block-embed-soundcloud wp-block-embed is-type-rich is-provider-soundcloud wp-embed-aspect-4-3 wp-has-aspect-ratio\"><div class=\"wp-block-embed__wrapper\">\n<iframe loading=\"lazy\" title=\"UROGALLO - Dj Nasty - Me Quieren Callar by Musicasaja\" width=\"640\" height=\"400\" scrolling=\"no\" frameborder=\"no\" src=\"https:\/\/w.soundcloud.com\/player\/?visual=true&#038;url=https%3A%2F%2Fapi.soundcloud.com%2Ftracks%2F942895576&#038;show_artwork=true&#038;maxheight=960&#038;maxwidth=640\"><\/iframe>\n<\/div><\/figure>\n\n\n\n<p><strong>ZORRO<\/strong> (Jos\u00e9 Antonio Canales de la Hera, Aitana Casta\u00f1eda Rojas, Luc\u00eda Ib\u00e1\u00f1ez Ruiz, Jimena Osl\u00e9 Santa Eulalia)<\/p>\n\n\n\n<figure class=\"wp-block-embed-soundcloud wp-block-embed is-type-rich is-provider-soundcloud wp-embed-aspect-4-3 wp-has-aspect-ratio\"><div class=\"wp-block-embed__wrapper\">\n<iframe loading=\"lazy\" title=\"ZORRO - Hombre Tormenta - Dedo Toto by Musicasaja\" width=\"640\" height=\"400\" scrolling=\"no\" frameborder=\"no\" src=\"https:\/\/w.soundcloud.com\/player\/?visual=true&#038;url=https%3A%2F%2Fapi.soundcloud.com%2Ftracks%2F942949921&#038;show_artwork=true&#038;maxheight=960&#038;maxwidth=640\"><\/iframe>\n<\/div><\/figure>\n\n\n\n<p><strong>MILANO REAL<\/strong> (Isaac Celorio Cadavieco, Nicol\u00e1s Cobo Macho, Isabel Escalante Banqu\u00e9, Teresa Eugenia Gonz\u00e1lez Guazo)<\/p>\n\n\n\n<figure class=\"wp-block-embed-soundcloud wp-block-embed is-type-rich is-provider-soundcloud wp-embed-aspect-4-3 wp-has-aspect-ratio\"><div class=\"wp-block-embed__wrapper\">\n<iframe loading=\"lazy\" title=\"MILANO REAL - Dj Nasty - N.y. by Musicasaja\" width=\"640\" height=\"400\" scrolling=\"no\" frameborder=\"no\" src=\"https:\/\/w.soundcloud.com\/player\/?visual=true&#038;url=https%3A%2F%2Fapi.soundcloud.com%2Ftracks%2F942507085&#038;show_artwork=true&#038;maxheight=960&#038;maxwidth=640\"><\/iframe>\n<\/div><\/figure>\n\n\n\n<p><strong>ALIMOCHE<\/strong> (Manuel Gonz\u00e1lez Encinas, Iv\u00e1n Laguna Moreno, Daniel S\u00e1nchez Salas, Ver\u00f3nica Seijas Llano, Daniela V\u00e1zquez Puente)<\/p>\n\n\n\n<figure class=\"wp-block-embed-soundcloud wp-block-embed is-type-rich is-provider-soundcloud wp-embed-aspect-4-3 wp-has-aspect-ratio\"><div class=\"wp-block-embed__wrapper\">\n<iframe loading=\"lazy\" title=\"ALIMOCHE - SERIO Beats - Little G by Musicasaja\" width=\"640\" height=\"400\" scrolling=\"no\" frameborder=\"no\" src=\"https:\/\/w.soundcloud.com\/player\/?visual=true&#038;url=https%3A%2F%2Fapi.soundcloud.com%2Ftracks%2F942908545&#038;show_artwork=true&#038;maxheight=960&#038;maxwidth=640\"><\/iframe>\n<\/div><\/figure>\n\n\n\n<p><strong>TRUCHA<\/strong> (Samuel D\u00edaz Bustillo, Amaya Guti\u00e9rrez Guti\u00e9rrez, Susana Herrero Laguillo, \u00cd\u00f1igo Hoyos Callejo)<\/p>\n\n\n\n<figure class=\"wp-block-embed-soundcloud wp-block-embed is-type-rich is-provider-soundcloud wp-embed-aspect-4-3 wp-has-aspect-ratio\"><div class=\"wp-block-embed__wrapper\">\n<iframe loading=\"lazy\" title=\"TRUCHA - Dj Nasty - Cenizas by Musicasaja\" width=\"640\" height=\"400\" scrolling=\"no\" frameborder=\"no\" src=\"https:\/\/w.soundcloud.com\/player\/?visual=true&#038;url=https%3A%2F%2Fapi.soundcloud.com%2Ftracks%2F942501745&#038;show_artwork=true&#038;maxheight=960&#038;maxwidth=640\"><\/iframe>\n<\/div><\/figure>\n\n\n\n<p><strong>ESCARABAJO AZUL<\/strong> (Pablo Casta\u00f1eda Echevarr\u00eda, Ana Fern\u00e1ndez Rold\u00e1n, Pedro Santia\u00f1ez Cortijo, Iker V\u00e9lez S\u00e1nchez)<\/p>\n\n\n\n<figure class=\"wp-block-embed-soundcloud wp-block-embed is-type-rich is-provider-soundcloud wp-embed-aspect-4-3 wp-has-aspect-ratio\"><div class=\"wp-block-embed__wrapper\">\n<iframe loading=\"lazy\" title=\"ESCARABAJO AZUL - Dj Nasty - En Las Calles by Musicasaja\" width=\"640\" height=\"400\" scrolling=\"no\" frameborder=\"no\" src=\"https:\/\/w.soundcloud.com\/player\/?visual=true&#038;url=https%3A%2F%2Fapi.soundcloud.com%2Ftracks%2F942496414&#038;show_artwork=true&#038;maxheight=960&#038;maxwidth=640\"><\/iframe>\n<\/div><\/figure>\n\n\n\n<p><strong>RORCUAL ALIBLANCO<\/strong> (Eneko Colio Guti\u00e9rrez, Olaya Cu\u00e9tara Alonso, Candela Escalante Villaescusa, Naiara Lario Vega, Ana Reinoso Faustmann)<\/p>\n\n\n\n<figure class=\"wp-block-embed-soundcloud wp-block-embed is-type-rich is-provider-soundcloud wp-embed-aspect-4-3 wp-has-aspect-ratio\"><div class=\"wp-block-embed__wrapper\">\n<iframe loading=\"lazy\" title=\"RORCUAL ALIBLANCO - Dj Nasty - Negocios Sucios by Musicasaja\" width=\"640\" height=\"400\" scrolling=\"no\" frameborder=\"no\" src=\"https:\/\/w.soundcloud.com\/player\/?visual=true&#038;url=https%3A%2F%2Fapi.soundcloud.com%2Ftracks%2F942485935&#038;show_artwork=true&#038;maxheight=960&#038;maxwidth=640\"><\/iframe>\n<\/div><\/figure>\n","protected":false},"excerpt":{"rendered":"<p>A lo largo del pasado curso, los alumnos de 1\u00ba de ESO participaron en un programa de ABP (Aprendizaje Basado en Proyectos) realizado en las asignaturas de Lengua, Pl\u00e1stica, Ingl\u00e9s y M\u00fasica. Durante el 2\u00ba trimestre, en el Proyecto trabajamos &hellip; <a href=\"http:\/\/blog.iesvalledelsaja.es\/?page_id=1245\">Continue reading <span class=\"meta-nav\">&rarr;<\/span><\/a><\/p>\n","protected":false},"author":3,"featured_media":0,"parent":0,"menu_order":0,"comment_status":"closed","ping_status":"closed","template":"","meta":{"footnotes":""},"class_list":["post-1245","page","type-page","status-publish","hentry"],"_links":{"self":[{"href":"http:\/\/blog.iesvalledelsaja.es\/index.php?rest_route=\/wp\/v2\/pages\/1245","targetHints":{"allow":["GET"]}}],"collection":[{"href":"http:\/\/blog.iesvalledelsaja.es\/index.php?rest_route=\/wp\/v2\/pages"}],"about":[{"href":"http:\/\/blog.iesvalledelsaja.es\/index.php?rest_route=\/wp\/v2\/types\/page"}],"author":[{"embeddable":true,"href":"http:\/\/blog.iesvalledelsaja.es\/index.php?rest_route=\/wp\/v2\/users\/3"}],"replies":[{"embeddable":true,"href":"http:\/\/blog.iesvalledelsaja.es\/index.php?rest_route=%2Fwp%2Fv2%2Fcomments&post=1245"}],"version-history":[{"count":10,"href":"http:\/\/blog.iesvalledelsaja.es\/index.php?rest_route=\/wp\/v2\/pages\/1245\/revisions"}],"predecessor-version":[{"id":1255,"href":"http:\/\/blog.iesvalledelsaja.es\/index.php?rest_route=\/wp\/v2\/pages\/1245\/revisions\/1255"}],"wp:attachment":[{"href":"http:\/\/blog.iesvalledelsaja.es\/index.php?rest_route=%2Fwp%2Fv2%2Fmedia&parent=1245"}],"curies":[{"name":"wp","href":"https:\/\/api.w.org\/{rel}","templated":true}]}}